 factors of (-1246)/(-12) + 17/s?
2, 13
Let z be (-8)/(-10) - (-456)/(-570). Suppose z = -p - 1 - 1, 2*p + 1870 = q. What are the prime factors of q?
2, 3, 311
Suppose -10*n + 3*n - 7 = 0. Let o be n/4 + 42/8. Suppose 4*c + u = 193, 4*u = o*c - 0*c - 236. What are the prime factors of c?
2, 3
Suppose -2 = m - 4*q, -m + 0*q - 8 = 2*q. List the prime factors of (m/(-12))/(4*(-3)/(-4776)).
199
What are the prime factors of 21*(-40)/1540 + 324045/33?
3, 1091
Let j(u) = u**2 + 88*u + 766. What are the prime factors of j(65)?
10711
Suppose 0 = 2*b + 3*b - 60. Let p(o) = -23 - b*o - 3 + 6. List the prime factors of p(-6).
2, 13
Suppose 275*u + 96 = 271*u. What are the prime factors of (u/(-10))/(30/6375)?
2, 3, 5, 17
Let a be ((-258)/7)/(-2) - (-9)/(-21). What are the prime factors of (-20045)/(-76) - (2 + a/(-8))?
2, 3, 11
Let g(i) = -4*i**2. Let y be g(1). Let o be 86/y - (-9)/18. Let u = 72 + o. What are the prime factors of u?
3, 17
Let z be (162/72)/((-6)/(-16)). Suppose 2*g = z*g - 36. List the prime factors of g.
3
Let n(y) = 4509*y**3 + y**2 + 2*y - 2. Let h be n(1). Suppose 0 = -p + 11*p - h. List the prime factors of p.
11, 41
Let w(h) = 166*h**2 - 3*h - 2. Let u be w(-2). Suppose 18*o - 2738 = -u. List the prime factors of o.
5, 23
Suppose -15*o - 14*o = -16240. Let k = 53 - 10. Suppose -47*z + o = -k*z. List the prime factors of z.
2, 5, 7
Let v be (6 + -4)*26/(-4). Let k(f) be the third derivative of f**6/120 + f**5/4 + 5*f**4/6 + 4*f**3/3 + 2*f**2 + 18*f. What are the prime factors of k(v)?
2, 43
List the prime factors of (74954/(-33))/(10/(-15)).
3407
Let u(m) = 5*m**3 + 4*m**2 - 82*m + 38. What are the prime factors of u(10)?
2, 2309
Suppose 2*o - 8 = 0, 3*o = -0*v + v - 6278. What are the prime factors of v?
2, 5, 17, 37
Let x = -1777 - -1777. Let u(g) = 103 + 0*g - 3*g + 5*g. List the prime factors of u(x).
103
Let o(c) = -13*c + 28. Let a(s) = 30*s - 56. Let k(j) = 3*a(j) + 5*o(j). What are the prime factors of k(33)?
797
Let x(c) = 1000*c - 578. What are the prime factors of x(11)?
2, 3, 193
Suppose 5*u + 2 + 0 = -v, 4*u + 40 = 4*v. Let d(h) = -3*h**2 + 33*h**2 - v*h + 9*h**2. What are the prime factors of d(2)?
2, 5, 7
Let h be (-612)/85*20/(-3). Suppose -554 = -h*l + 46*l. List the prime factors of l.
277
Suppose -19 = -26*v + 579. What are the prime factors of v?
23
Let u = 74 + -8. Suppose -u*o = -72*o + 708. List the prime factors of o.
2, 59
Let o = -24 + 25. Suppose 0 = d + o - 4. List the prime factors of -2*d/21 - (-237)/21.
11
Let g(z) = 1111*z + 1533. List the prime factors of g(33).
2, 3, 1061
Let x = 17918 - 6512. List the prime factors of x.
2, 3, 1901
Suppose 0 = -3*c + q + 2, 2*c + 3*q = -3*c - 6. Let o be c + -4 - (-767 - 2). Suppose -i - o = -10*i. List the prime factors of i.
5, 17
Suppose 4*z = -j + 13, -j - 2 = -2*z + 3*j. Suppose z*a = -a + 672. Suppose 2*s = -4*x + 108, -3*s - 5*x + x = -a. List the prime factors of s.
2, 3, 5
Let a(d) = 1605*d**2 + 21*d + 39. What are the prime factors of a(-2)?
3, 23, 31
Suppose -m = -x + 32, -2*x = -m - 6 - 23. Let j(p) = -p**3 + 4*p**2 + 54*p + 30. Let t be j(10). Let y = t - m. List the prime factors of y.
5
Suppose 2*d = 282 + 684. Let c = 867 - d. What are the prime factors of c?
2, 3
Let q(i) = 413*i**3 - 10*i**2 + 5*i + 2. What are the prime factors of q(2)?
2, 3, 7, 13
List the prime factors of 34617*((-28)/(-3) - 9).
11, 1049
Suppose 195*i + 56728 = 202*i. Suppose -28679 - i = -61*x. What are the prime factors of x?
3, 67
Let y be (-4)/18 - 20/(-9). Suppose 4*q + 2*o = -20, -4*q = -y*o - 0*o + 12. List the prime factors of 2/q*666/(-9).
37
Let c(w) = 42*w**2 + 250*w - 20. List the prime factors of c(20).
2, 3, 5, 11
Let y be 0*(-2 - -3) + (-14)/(-2). Suppose -2*j + y + 3 = 0. Suppose -9 = -6*d + j*d. What are the prime factors of d?
3
What are the prime factors of 28242300/1400 + (-2)/28?
20173
Suppose 2603 = m + 5*l, 35*m = 40*m - l - 13015. Suppose 4*t = -123 + m. What are the prime factors of t?
2, 5, 31
Suppose -25*z + 31*z - 92604 = 0. Suppose 0 = 17*p - 42532 + z. What are the prime factors of p?
2, 797
Suppose 33*d - 29*d + 12 = 0. Let s(h) = -4*h**3 - 4*h**2 - h + 5. What are the prime factors of s(d)?
2, 5
Let h = 827 - 543. Suppose 9*m - 10*m = -h. Let q = 417 - m. What are the prime factors of q?
7, 19
Let a(d) = d**2 + 9*d - 20. Let n(p) = -2*p**2 - 17*p + 42. Let u(i) = -5*a(i) - 2*n(i). Let l be (-4)/(-2) - 44/4. List the prime factors of u(l).
2, 17
Let s(g) = -9*g + 2. Let c be s(7). Let a = -37 - c. Suppose -w = -27 - a. What are the prime factors of w?
3, 17
Let n(h) = -53*h - 32. Let k be n(-2). Suppose 6*z = 2*z - 20. Let y = k - z. List the prime factors of y.
79
Suppose -5*t - 78 = -3*l, l - 3*t = -8*t + 26. Suppose b + 23*n - 555 = l*n, -3*n = 3*b - 1713. What are the prime factors of b?
3, 7
Let g = -142 - -144. Suppose 7*y - 3*y + 180 = 5*p, -3*p + 108 = y. Suppose -t + 40 = -g*x, -p = -t - 2*x - 0*x. What are the prime factors of t?
2, 19
Let t(x) = 11*x**2 - 3*x + 1. Let p(l) = l**2. Let k(b) = 6*p(b) - t(b). Let i be k(2). What are the prime factors of 0 + (-58)/3*i?
2, 5, 29
Suppose 0 = -3*w - b - 208, 4*b = 5*w - 0*w + 375. Let d = -71 - w. Suppose -l + 15 = -3*r + 369, d = 3*r - 5*l - 366. What are the prime factors of r?
3, 13
Let v = -10 - -18. Let g(u) = 2*u**3 - 8*u**2 - 2*u - 11. Let j be g(v). Let t = j + -237. What are the prime factors of t?
2, 31
Let o(l) be the third derivative of 5*l**4/24 - 77*l**3/6 + 47*l**2. Let r be o(16). What are the prime factors of (3/7)/r - 1301/(-7)?
2, 3, 31
Let a(i) = i**3 - 24*i**2 - 51*i + 18. List the prime factors of a(28).
2, 863
Let w(t) = 181*t + 105. Let k = -461 - -464. What are the prime factors of w(k)?
2, 3
Let r(h) = 2*h**2 - 14*h + 8. Let o be r(9). Let m be (o/8 - 3)*-2. Let t(v) = -9*v + 12. List the prime factors of t(m).
3, 19
What are the prime factors of (88/(-16) + -10)*(-221 + (2 - -1))?
31, 109
Suppose k - 22 - 2 = 0. Let p be 3/5 + k/(-40). Suppose -5*g + u = -152, p + 20 = g + 5*u. What are the prime factors of g?
2, 3, 5
Suppose -42*l - 56984 + 79443 = -348443. List the prime factors of l.
8831
Suppose 60747 - 10058 = 4*z - 3*w, 3*z - 38038 = -2*w. List the prime factors of z.
2, 3169
Let q be (-1 - 2)/(9/(-12)). Suppose 9 - q = h. Suppose -h*o = m - 20, 0*m - 30 = -3*m - 5*o. What are the prime factors of m?
5
Suppose -9*f = 2*f - 330. List the prime factors of f*(-70)/21*-2.
2, 5
Let d(v) = 45*v**2 + 26*v + 317. What are the prime factors of d(15)?
2, 677
Suppose 175*c - 147815 - 279010 = 308000. List the prime factors of c.
13, 17, 19
Suppose -2604 - 38526 = -30*w. What are the prime factors of w?
3, 457
Suppose 0 = 2*h - 2, 2*y + 2*h = 6*y - 18. Suppose -2*i - 874 = -6*i + 3*k, -1106 = -y*i - 3*k. Let a = -101 + i. List the prime factors of a.
7, 17
Suppose -2*x + 13 = 3*g, g + 17 = 4*x + 4*g. Suppose 0 = -4*s + 2*i - x, 5*s = 5*i - i - 10. List the prime factors of 1*8*(75/s)/5.
2, 3, 5
Let t(l) = l**3 + 2*l**2 - l - 10. Let i be t(36). List the prime factors of 3/2*i/219.
337
Let f = -279 - -358. What are the prime factors of -5 - (-3 + -4 + 2)*f?
2, 3, 5, 13
Suppose 1617821 = 208*g - 177*g - 1272371. What are the prime factors of g?
2, 5827
Suppose 11*t - 874 = -49. What are the prime factors of 17235/t - (-2 + (-14)/(-5))?
229
Suppose 14*u - 9*u = -5. Let l be 0 + u - (-4 + 7)/(-3). List the prime factors of l + (-2)/(-13) + (-23392)/(-221).
2, 53
Let p(s) = -s**3 - 32*s**2 - 39*s + 42. Let o(q) = -2*q**2 + 4*q + 17. Let h be o(6). List the prime factors of p(h).
2, 5, 29
Let j(h) = -h**2 - 14*h - 24. Let t be j(-12). Suppose t = -11*o + 3*o + 4528. List the prime factors of o.
2, 283
Let o(c) = -23*c**3 + c**2 - 3*c - 28. Let j be o(-3). Let w = j + -60. What are the prime factors of w?
19, 29
Let u = 14 - 8. Suppose -3*i + 0 = -5*a - 2, 5*i = -a - u. List the prime factors of 11/(4/(-52)*a).
11, 13
Let o be 12/(-8)*((-16)/(-6))/(-1). Suppose o*j = -3*c + 213, -47 = -j - 2*c - 0*c. What are the prime factors of j?
3, 19
Suppose 12771*m = 12872*m - 4804055 - 94950. List the prime factors of m.
5, 89, 109
Suppose 8*h = 9*h + 4. Let x(z) = -25*z + 12. Let q be x(h). List the prime factors of 3*q/(-36)*-3.
2, 7
Let c = 158 + -109. Let z = -36 + c. Let w = 36